b(-14). Suppose 5*n = -f + 321, -g*f + n - 241 + 1124 = 0. What is the hundreds digit of f?
2
Let x = 721 - 5. What is the tens digit of x?
1
Let n = -1 - -8. Let d(g) = g**3 - 4*g**2 + 11*g - 17. What is the hundreds digit of d(n)?
2
Let j(b) = -34*b + 2. Let x be j(11). Let m = -258 - x. Suppose 6*f = 3*o + f - m, -96 = -3*o - f. What is the units digit of o?
3
Suppose -4*y + 8 = 0, -3*w + 9*y = 6*y - 276. What is the tens digit of w?
9
Suppose -19*b = -24*b + 23375. What is the thousands digit of b?
4
Let i(a) = 28*a + 28. What is the hundreds digit of i(7)?
2
Let n(w) = w**3 + 8*w**2 - 2*w - 4. Let y be n(-8). Suppose 3*g + 69 = h + 2*h, y = -3*g. What is the tens digit of h?
1
Let b = 23 + -9. Let k(v) = -2*v**3 - 17*v**2 - 12*v - 7. Let h be k(-8). Let c = b + h. What is the units digit of c?
9
Suppose 17424 = 41*l + 7*l. What is the units digit of l?
3
Suppose b = 4*w + 6*b - 1273, b = -4*w + 1269. What is the units digit of w?
7
Let f(t) = -2*t**3 - 10*t**2 - 12*t - 4. What is the tens digit of f(-8)?
7
Suppose 4*m + 180 = 9*m. Let f = m - 15. Suppose 0 = -3*j - 4*u + f, -4*j + 22 = 3*u - 13. What is the units digit of j?
1
Suppose 2*y = 5*k + 2120, 5*y + 5342 = 10*y - 2*k. What is the units digit of y?
0
What is the tens digit of (((-133)/21)/(-19))/(2/29034)?
3
Let q(j) = j - 4. Let u be q(9). Suppose -2*t + 2*b + 5 = -7, -32 = -u*t + 3*b. What is the units digit of t?
7
Let r(i) = -13*i + 2577. What is the hundreds digit of r(0)?
5
Suppose 0 = b + 3*l + 3, 2*l - 7*l - 65 = -5*b. Let h = b + -5. What is the units digit of h?
4
Let x be ((-114)/(-12))/((-1)/(-6)). What is the units digit of x + 0 - (-5 - -2 - -3)?
7
What is the tens digit of ((-3237)/(-12))/(1/4)?
7
Let d(q) = q**2 - 2*q + 13. Let r = -18 + 26. What is the units digit of d(r)?
1
Let n(y) = 3*y**2 + 1 + 7*y**2 + y - 9*y**2. Let h be n(-2). Suppose -r - 38 = -2*p, 0*p + h*r = 5*p - 96. What is the units digit of p?
8
Suppose 5*c = -3*k + 132, 4*k + 0*c + 4*c = 176. Suppose p = -p + k. Let y = p - 2. What is the units digit of y?
0
Suppose 4*a - 2*a = 0. Let x(u) = -43*u - 8. Let j be x(-4). Suppose a = 5*l - l - j. What is the units digit of l?
1
Let n(o) = 2*o**2 - 287*o. What is the tens digit of n(-10)?
7
Suppose -c + 2*l = 0, 3*c + 0*c = -4*l. Suppose 3*j - 241 - 65 = c. What is the hundreds digit of j?
1
Let s = -121 + 1053. What is the hundreds digit of s?
9
Let a = 28 + -22. What is the tens digit of 4/a + 2720/24?
1
Let u(a) = 2*a**3 - 7*a**2 - 9*a + 1. What is the units digit of u(8)?
5
Let z = 102 + -101. What is the units digit of 13117/65 - z/(-5)?
2
Let f be 51/(-4)*8/(-9)*-9. Suppose 5*h = 8 - 218. Let w = h - f. What is the units digit of w?
0
Let y(p) = -4*p**3 + 6*p**2 - 3*p - 22. What is the units digit of y(-8)?
4
Let l = 1494 + -572. What is the tens digit of l?
2
Let x(q) = -q**2 + 6*q - 1. Let h = 18 - 14. Suppose 2*c + n = h*n + 8, n = 0. What is the units digit of x(c)?
7
Suppose -13*s + 702 = -12*s - 4*c, 2*s - 1365 = -5*c. What is the tens digit of s?
9
Suppose -2*j + 4*t + 164 = 0, 4*j - 3*t = 3*j + 82. What is the tens digit of j?
8
Let n(h) = -h - 16. Let k be n(6). What is the tens digit of 3*k/(-24)*4?
1
Let y(w) = -w**3 + 25*w**2 - 38*w + 8. What is the tens digit of y(11)?
8
Let q(o) = -o**2 + 13*o + 12. Let b(a) = 3*a - 44. Let g be b(19). What is the tens digit of q(g)?
1
Let s = 578 - 252. What is the tens digit of s/6 - (-5)/(-15)?
5
Let v be (20/(-50))/((-1)/50). Let s = 54 - v. What is the tens digit of s?
3
What is the units digit of 12/8 + (-1049)/(-2)?
6
Let m = 67 - 119. What is the units digit of 13/(m/(-384)) + 2?
8
Let x(w) = 16*w + 34. What is the tens digit of x(7)?
4
Let j = -16 - -21. Suppose -j*y = 855 - 120. Let w = -82 - y. What is the units digit of w?
5
Let b = 14 + -12. Suppose b*q = 6*q. Suppose 3*g + o = -q*g + 74, 3*g - 2*o - 86 = 0. What is the tens digit of g?
2
Suppose -248*w - 24 = -250*w. Suppose -6*d + 32 = -2*d. Let q = w - d. What is the units digit of q?
4
Let w = -67 + 70. Suppose 127 = 4*b - 3*x + 34, 54 = w*b + 3*x. What is the tens digit of b?
2
Let c(v) = v**2 + 1. Suppose 1 = u - 0*u. Let t(h) = 5*h**2 + h + 2. Let i(m) = u*t(m) - 3*c(m). What is the units digit of i(-3)?
4
Suppose 4*t - 67 = 5*j, -j = 4*t - 3*j - 70. Suppose b + 4*i = -150, -3 + t = -3*i. What is the tens digit of (36/(-45))/(4/b)?
2
Let p(s) = -s**3 + 8*s**2 + 3*s + 5. Let i(n) = 3*n - 2. Let h be i(6). Suppose 3*x - h = x. What is the tens digit of p(x)?
2
Let x(n) = n**3 - 14*n**2 + 20*n + 6. Let v be x(11). Let t = -98 - v. What is the tens digit of t?
3
Suppose 0 = -54*x + 56*x - 2822. What is the units digit of x?
1
Let a(c) = 3*c - 13. Let i be a(5). Suppose r - 254 = -i*f, -3*f + 8*f - 248 = -r. What is the tens digit of r?
5
Let d = -109 - -142. Suppose -w - d = -257. What is the tens digit of w?
2
Let f = -56 + 59. Suppose 352 = 2*c + f*j, -c = 2*c + 2*j - 523. What is the hundreds digit of c?
1
Suppose 20*z = 13*z + 252. What is the units digit of z?
6
Suppose 16*i + 2107 = 23*i. What is the hundreds digit of i?
3
Let h(g) be the third derivative of -g**4/6 + 2*g**3 + 26*g**2. Let c = -11 + 4. What is the tens digit of h(c)?
4
Suppose -2*j = r - 2938, 20*r - 3*j - 5911 = 18*r. What is the tens digit of r?
4
Let w(q) = 5*q**2 + 11*q - 33. Let o(z) = -3*z**2 - 7*z + 22. Let x(p) = 7*o(p) + 5*w(p). What is the units digit of x(-7)?
3
Let k = 309 + -179. Let h = k + -35. What is the tens digit of h?
9
Let u(g) = -2*g**3 - 3*g - 1. Suppose 0 = 3*k - 9 - 6. Suppose -k*y - 6 = 4. What is the tens digit of u(y)?
2
Let t(u) = -31*u + 33. What is the tens digit of t(-4)?
5
Suppose -17*h = -20*h + 300. Let z = 154 - h. What is the units digit of z?
4
What is the units digit of 708/(-5 - 7/(-1))?
4
Let q(h) = h**3 - 3*h**2 - 7*h - 5. Let l be q(7). Let a = l - 60. What is the units digit of a?
2
Let d = -956 - -2337. What is the thousands digit of d?
1
Let c be (-16)/(-4) + (0 - 1). Let k(l) = 10*l**2 + l - 4. What is the tens digit of k(c)?
8
Suppose b = 5*d + 800, -45 = 4*d - 5*b + 595. Let i = d - -270. What is the hundreds digit of i?
1
Let c(a) = 22*a + 11. Let n(f) = 9*f + 8. Let u(z) = 35*z + 33. Let p(i) = 9*n(i) - 2*u(i). Let w(y) = -3*c(y) + 5*p(y). What is the tens digit of w(-2)?
1
Suppose 0 = 3*d - 15, -2*q - 6*d + 2*d + 5222 = 0. What is the units digit of q?
1
Let m = 803 - 312. What is the tens digit of m?
9
Suppose -4*p - 81 = -397. What is the tens digit of p?
7
Suppose -5*p - 5*k + 974 = -9*k, -5*p + 2*k + 972 = 0. What is the hundreds digit of p?
1
Let i = 10 - 7. Let h be 1/i - (-414)/(-27). What is the units digit of (-4)/(-10) + (-9)/h?
1
Suppose -3*c + 5*l = -11, -5*c + 2*c - l + 5 = 0. Let o(q) = -5*q**2 - q**3 - 2*q**2 + 0*q**c + 3 - 2*q**2. What is the units digit of o(-9)?
3
Suppose 2*f - 7 = 3. Suppose -f*o - 2*l = -242, -o + 46 = 2*l - l. What is the units digit of o?
0
Suppose -141*l + 1 = -142*l, 8334 = 2*p + 4*l. What is the tens digit of p?
6
Suppose -9*h + 64 = -7172. What is the units digit of h?
4
What is the units digit of ((-6)/7)/(-3 + 195/70)?
4
Let p = 11568 - 6796. What is the hundreds digit of p?
7
Let h(l) = 3*l + 45. Let g be h(-14). Suppose -140 = -4*s - g*p, -2*s - 3*p + p + 70 = 0. What is the tens digit of s?
3
Let j = 6 + -4. Suppose -x - 4*i - 25 = 0, -x = -j*i + 7 + 6. Let z = x - -33. What is the tens digit of z?
1
Let l = 23 + -23. Suppose 2*n + l*b = 2*b - 6, -2*n + 5*b = 0. What is the tens digit of (n - -42) + (-2 - -2)?
3
Suppose 2*c - 3*x - 69 = 0, 3*x - 8 = 1. Suppose -c + 7 = -4*l. What is the units digit of -4*4/l - -3?
1
Let k(r) = -434*r - 106. What is the thousands digit of k(-7)?
2
Let l(k) = -15*k**3 - 7*k**2 + 16*k + 115. What is the units digit of l(-4)?
9
Let o be (-1 + -1)*(-5 + 31)*-1. What is the units digit of 8/o + 5638/26?
7
Let l(j) = -4*j**3 - 12*j**2 + 3*j - 54. What is the units digit of l(-10)?
6
Suppose 29*y - 341 - 4183 = 0. What is the tens digit of y?
5
Let f(j) be the third derivative of j**5/15 + 7*j**4/24 - 7*j**3/3 + 13*j**2. What is the units digit of f(-5)?
1
Let k be (-35)/(-15) + 1/(-3). Suppose 0 = 5*m + k*l - 352, -3*l + 215 = 3*m + 2*l. What is the units digit of m?
0
Suppose 8*p - 13*p + 210 = 0. Suppose -v + k + 20 = 0, k = 3*v 